14)/63 + y/(-18)?
5
Let t(a) = -4*a - 58. Let l be t(-15). Suppose -217 = -n - l*h, h = 1 - 4. Suppose -n = -6*x + 107. What is the units digit of x?
5
Suppose 29*y + 27*y - 401617 - 167063 = 0. What is the units digit of y?
5
Let o(a) = -48*a + 438. What is the hundreds digit of o(-19)?
3
Suppose 24*g - 31*g + 301 = 0. Suppose j + 4*c = g, -5*j + 5*c + 18 = -122. What is the tens digit of j?
3
Let s = 41086 + -17873. What is the thousands digit of s?
3
Let m(r) be the first derivative of 71*r**3/3 - 3*r**2 - 4*r + 82. What is the tens digit of m(-2)?
9
Let y(v) be the second derivative of 0*v**3 + 34*v - 9*v**2 + 1/3*v**4 + 0. What is the tens digit of y(5)?
8
Let f be (11 - -130)/(2 - (4 - 1)). Let u = f + 372. What is the units digit of u?
1
Suppose -3*x - 2*n = -18700, 8683 + 16247 = 4*x + 2*n. What is the units digit of x?
0
Let a = 32 - 43. Let n = a - -45. Suppose -4*y + 110 = n. What is the units digit of y?
9
Suppose 0*y - 20 = 4*f - y, -4*y - 46 = 5*f. What is the tens digit of (46/2)/(f/(-90))?
4
Let k = 360 + -245. Suppose -4*o = c - k, -2*c + 4*o + 230 = 3*o. Suppose -6*h + 5*h + c = 0. What is the hundreds digit of h?
1
Let c(p) = 2*p + 13 - 8*p - 17. Let j be c(0). Let y(w) = -2*w**3 - 2*w**2 - 5*w + 3. What is the hundreds digit of y(j)?
1
Let m(s) = 3400*s - 2972. What is the tens digit of m(17)?
2
Let d = -55566 - -104138. What is the hundreds digit of d?
5
Let y(g) = -10*g**2 + 24*g + 8 - g**3 - 3 - 3 - 1 + g**2. Suppose -3*j = -5*j - 24. What is the hundreds digit of y(j)?
1
Suppose 3*q + 4*l - 2 = -2*q, 2*q = 2*l + 8. Suppose -5*i = -6*i - q*n + 315, 3*i - 943 = -5*n. What is the units digit of i?
1
Let w = -44 - -32. Let c = 18 + w. What is the tens digit of (-4)/(-8) + 429/c?
7
Let h = 417 - -3703. What is the thousands digit of h?
4
Suppose 0 = d + 3, 115 = 2*q + 13*d - 10*d. Suppose -70*w + 320 = -q*w. What is the units digit of w?
0
Suppose 67 = 4*r - 49. Suppose -r*t = -1 - 16007. What is the tens digit of t?
5
Let l be (-428)/16*-4 - (-1 - -3). Let u be (-1)/(-2) + l/(-30) + 115. Let i = 34 + u. What is the hundreds digit of i?
1
Let o be 48/36 + (-46)/(-6). Suppose 15 - 46 = 3*r + 5*c, r = -3*c - o. What is the hundreds digit of 3/12 + ((-1485)/r - 0)?
1
Let s(p) be the first derivative of p**3 - 5*p**2 + 947*p - 152. What is the hundreds digit of s(0)?
9
Let x(y) = y**3 + 6*y - 3. Let r be 15/(-6) + 186/(-4). Let a = -44 - r. What is the hundreds digit of x(a)?
1
Let i(v) = 9*v**2 - 100*v + 2869. What is the units digit of i(56)?
3
What is the hundreds digit of 2/((-6)/(-9)) - (-199 + (6 - 17))?
2
Let f = 324 - -422. Suppose -5*p + f = 2*j, -4*j + 0*p + 1464 = 3*p. What is the tens digit of j?
6
What is the hundreds digit of ((-3772)/12 + 3)/((-29)/1914)?
5
Let u be (-1)/(2/(-428)*-1). What is the thousands digit of u*(5 + -4)*-5?
1
Suppose n + 6*n - 28 = 0. Suppose -4*h + 899 = i - 8*h, 2*h = -n*i + 3578. Suppose -9*x = -4*x - i. What is the hundreds digit of x?
1
Let a = -24436 - -34343. What is the thousands digit of a?
9
Let m be 5/(-2)*((-39652)/20 - -1). Suppose -u = 2 - 4, 0 = -5*o + 3*u + m. What is the units digit of o?
2
Suppose 451*r = 59*r + 16694939 + 9774077. What is the hundreds digit of r?
5
Suppose -m = 2*r - 164, -m + 48*r - 46*r + 164 = 0. What is the hundreds digit of m?
1
Suppose 0 = 103*k - 139*k + 180612. What is the tens digit of k?
1
Let g = -19 - 10. Let i = g + 34. Suppose 79 = -3*h + 4*h + i*f, 5*h + f - 419 = 0. What is the tens digit of h?
8
Let k = -5234 + 14590. What is the units digit of k?
6
Let m = -229 + 308. Suppose -m*x = -85*x + 5184. What is the hundreds digit of x?
8
Suppose 35*t - 84*t - 487149 = -1837148. What is the ten thousands digit of t?
2
Suppose -7*l + 10*l - 613 = -o, 1027 = 5*l + 3*o. Let t(h) = 387*h**3 + h**2. Let r be t(1). Let g = r - l. What is the units digit of g?
5
Let b(n) be the second derivative of -11*n**3/6 + 405*n**2/2 - 16*n - 2. What is the hundreds digit of b(0)?
4
Let d(s) = -19*s**2 - 18*s + 350. Let k(z) = 4*z**2 + 3*z - 70. Let n(g) = 2*d(g) + 11*k(g). What is the units digit of n(-8)?
8
Let s = -657 - -676. Suppose 3*r = -l + 4137, 21*r = s*r + 4*l + 2744. What is the units digit of r?
8
Let f be 270/81*273/2. Suppose -6*o = o - f. What is the tens digit of o?
6
Let o = -223 - -130. Let n = 427 + o. What is the hundreds digit of n?
3
Let r(o) = 803*o - 1416. What is the tens digit of r(7)?
0
Let m(a) = 2*a**3 - 69*a**2 + 49*a + 554. What is the tens digit of m(38)?
2
Suppose 32 = -9*q + 5. What is the tens digit of q*291/18*-14?
7
Let j be (-4)/6 + 1085/21. Let n = j - 51. Suppose n = 10*c - 1620 + 350. What is the units digit of c?
7
Let n(h) = -h**3 + 2*h**2 + 2*h - 2. Suppose 41*s + 12 = 47*s. Let q be n(s). Suppose q*t - 271 = -5*x, -4*t - 3*x = -t - 420. What is the units digit of t?
3
Suppose 4*r + 2*r = -2664. Let l be (-2 - (-9)/6)/((-3)/r). Let z = l - -187. What is the units digit of z?
3
Suppose 1 = v - 4. Let u = 4632 - 4627. Suppose u = -v*a, -4*d + 5*a = d - 955. What is the hundreds digit of d?
1
Let l be (222/(-8))/((-7)/((-168)/(-9))). Suppose 336 = 5*z - 4*f, f + 413 = 5*z + l. What is the tens digit of z?
6
What is the ten thousands digit of 20/((-800)/(-120)) - 2/((-4)/20010)?
1
Let u be -2 - (20/(-4) - 1). Let i be (-1 + -1 - 0)/(u/(-56)). What is the hundreds digit of ((-2)/7 + 7008/i)/2?
1
Suppose -7*g + 290592 = 36*v - 39*v, 3*g + 4*v = 124513. What is the thousands digit of g?
1
Suppose -5*g + 48 = h, -g - 2*g + 40 = -5*h. Suppose g*b = 22*b - 336. What is the units digit of b?
8
Let t be (-1 - 5/(-7)) + 22100/28. Suppose 5*m - t = 1026. Let u = m + -259. What is the tens digit of u?
0
Suppose 811*m - 815*m + 2*h = -145444, 2*h = 5*m - 181809. What is the hundreds digit of m?
3
Suppose 155*z - 1781259 = 1711356. What is the hundreds digit of z?
5
Let x(r) be the third derivative of r**6/120 + 7*r**5/60 - 8*r**4/3 - 5*r**3/2 - 10*r**2. What is the units digit of x(-11)?
5
Suppose -d + 8850 = 14*y - 13*y, 0 = y - 4*d - 8830. What is the thousands digit of y?
8
Let n(o) = 88*o**3 + 3*o**2 - 8*o + 3. Suppose -3 = -2*y + 1. What is the tens digit of n(y)?
0
Let a(q) = q**3 + 7*q**2 - 10*q - 6. Let u be a(-8). Suppose 0 = u*s - 4*s - 1404. Let w = s + -86. What is the hundreds digit of w?
1
What is the hundreds digit of -11 - (5 + -11 + -18046)?
0
Let n(p) = p**2 - 40*p - 129. Let b be n(46). Let c = b - -711. What is the tens digit of c?
5
Suppose 2*h - 9472 = 2*b, -5*h + 23680 = -2*b + 4*b. What is the thousands digit of h?
4
Suppose 12*c + 41069 + 762279 = 38*c. What is the units digit of c?
8
Suppose -416*h = -3387064 - 945160. What is the units digit of h?
4
Let y(x) = -6*x**2 - 9*x - 46. Let j(k) = k**2. Let l(q) = -3*j(q) - y(q). Let p be l(-9). Let f = -142 + p. What is the tens digit of f?
6
Let z = 127151 + -72553. What is the units digit of z?
8
Let j(l) = l**2 + 22*l + 56. Let v be j(-22). What is the tens digit of (2947/v*-4)/((-1)/2)?
2
Let d = 294 - 289. Suppose -d*q - 4*u = -3*u - 447, 3*u = -9. What is the tens digit of q?
9
Let u(k) = -k**2 + 35*k + 56. Let j be 2*3017/182 + 2/(-13). What is the hundreds digit of u(j)?
1
Let j(r) = -15*r**2 + 1305*r - 127. What is the tens digit of j(74)?
0
Let v(g) = -2*g + 35. Let d be v(13). Let r(s) = 51*s - 54. What is the tens digit of r(d)?
0
What is the tens digit of (-1905*20/(-90) + 4)*(0 + 45)?
3
Suppose 65 = -7*r + 2*r. Let k be 3*(-20 + -1) + (3 - 0). Let c = r - k. What is the tens digit of c?
4
Let c = 170 + -80. Let b = 479 - c. What is the units digit of b?
9
Suppose -10 = -2*b - 0*b. Let w(t) = -11*t**2 - 29*t - 41. Let l(o) = -17*o**2 - 44*o - 61. Let k(y) = b*l(y) - 8*w(y). What is the units digit of k(-8)?
9
What is the units digit of 7/2 - 8287653/(-726)?
9
Suppose i + 3*z - 53203 = 0, 403*i - 4*z = 404*i - 53211. What is the hundreds digit of i?
1
Suppose 3*i - 24 = 0, -5*j - 60*i + 226662 = -61*i. What is the ten thousands digit of j?
4
Let w be (-2)/(-10) - (-129010)/(-175) - 0. Let y = w + 1350. What is the hundreds digit of y?
6
Let p(z) be the first derivative of z**4/4 - z**3/3 + 7*z**2/2 - 146*z + 87. What is the hundreds digit of p(11)?
1
Suppose 27*w - 15*w + 396 = 0. What is the hundreds digit of 9*126/4 - w/(-22)?
2
Let a = 51 - 48. 